{"version":"1.0","provider_name":"Value AG the valuation group","provider_url":"https:\/\/www.value-marktdaten.de\/en\/","author_name":"Sebastian Hein","author_url":"https:\/\/www.value-marktdaten.de\/en\/author\/sebastian-hein\/","title":"Marktmieten und Mischmaschmarktmieten - Value AG the valuation group","type":"rich","width":600,"height":338,"html":"<blockquote class=\"wp-embedded-content\" data-secret=\"7ocpaFNpOb\"><a href=\"https:\/\/www.value-marktdaten.de\/en\/2016\/02\/24\/marktmieten-und-mischmaschmarktmieten\/\">Marktmieten und Mischmaschmarktmieten<\/a><\/blockquote><iframe sandbox=\"allow-scripts\" security=\"restricted\" src=\"https:\/\/www.value-marktdaten.de\/en\/2016\/02\/24\/marktmieten-und-mischmaschmarktmieten\/embed\/#?secret=7ocpaFNpOb\" width=\"600\" height=\"338\" title=\"&#8220;Marktmieten und Mischmaschmarktmieten&#8221; &#8212; Value AG the valuation group\" data-secret=\"7ocpaFNpOb\" frameborder=\"0\" marginwidth=\"0\" marginheight=\"0\" scrolling=\"no\" class=\"wp-embedded-content\"><\/iframe><script type=\"text\/javascript\">\n\/* <![CDATA[ *\/\n\/*! This file is auto-generated *\/\n!function(d,l){\"use strict\";l.querySelector&&d.addEventListener&&\"undefined\"!=typeof URL&&(d.wp=d.wp||{},d.wp.receiveEmbedMessage||(d.wp.receiveEmbedMessage=function(e){var t=e.data;if((t||t.secret||t.message||t.value)&&!\/[^a-zA-Z0-9]\/.test(t.secret)){for(var s,r,n,a=l.querySelectorAll('iframe[data-secret=\"'+t.secret+'\"]'),o=l.querySelectorAll('blockquote[data-secret=\"'+t.secret+'\"]'),c=new RegExp(\"^https?:$\",\"i\"),i=0;i<o.length;i++)o[i].style.display=\"none\";for(i=0;i<a.length;i++)s=a[i],e.source===s.contentWindow&&(s.removeAttribute(\"style\"),\"height\"===t.message?(1e3<(r=parseInt(t.value,10))?r=1e3:~~r<200&&(r=200),s.height=r):\"link\"===t.message&&(r=new URL(s.getAttribute(\"src\")),n=new URL(t.value),c.test(n.protocol))&&n.host===r.host&&l.activeElement===s&&(d.top.location.href=t.value))}},d.addEventListener(\"message\",d.wp.receiveEmbedMessage,!1),l.addEventListener(\"DOMContentLoaded\",function(){for(var e,t,s=l.querySelectorAll(\"iframe.wp-embedded-content\"),r=0;r<s.length;r++)(t=(e=s[r]).getAttribute(\"data-secret\"))||(t=Math.random().toString(36).substring(2,12),e.src+=\"#?secret=\"+t,e.setAttribute(\"data-secret\",t)),e.contentWindow.postMessage({message:\"ready\",secret:t},\"*\")},!1)))}(window,document);\n\/\/# sourceURL=https:\/\/www.value-marktdaten.de\/wp-includes\/js\/wp-embed.min.js\n\/* ]]> *\/\n<\/script>\n","description":"Die Marktstatistiken der verschiedener Marktbeobachtungen weichen teils diametral voneinander ab. Dazu ver\u00f6ffentlichte die Zeitung &#8220;Die Welt&#8221; am 22.09.2015 einen Beitrag \u00fcber irref\u00fchrende Daten auf dem Wohnungsmarkt. Meist liegen Abweichungen in den Daten an unterschiedlichen Erhebungs\u00admethodiken und Daten\u00adgrundlagen. Dies ist nicht weiter bemerkenswert. Ist die Erhebungs\u00admethodik jedoch \u00e4hnlich, sollten sich keine diametralen Unterschiede in verschiedenen Preis\u00adstatistiken&hellip;","thumbnail_url":"https:\/\/www.value-marktdaten.de\/wp-content\/uploads\/2016\/02\/marktmieten_muenchen-e1455887115370.png"}

Die Marktstatistiken der verschiedener Marktbeobachtungen weichen teils diametral voneinander ab. Dazu veröffentlichte die Zeitung &#8220;Die Welt&#8221; am 22.09.2015 einen Beitrag über irreführende Daten auf dem Wohnungsmarkt. Meist liegen Abweichungen in den Daten an unterschiedlichen Erhebungs­methodiken und Daten­grundlagen. Dies ist nicht weiter bemerkenswert. Ist die Erhebungs­methodik jedoch ähnlich, sollten sich keine diametralen Unterschiede in verschiedenen Preis­statistiken&hellip;
