{"version":"1.0","provider_name":"Value AG the valuation group","provider_url":"https:\/\/www.value-marktdaten.de\/en\/","author_name":"Sebastian Hein","author_url":"https:\/\/www.value-marktdaten.de\/en\/author\/sebastian-hein\/","title":"Steigende Mieten in den TOP 7 - Value AG the valuation group","type":"rich","width":600,"height":338,"html":"<blockquote class=\"wp-embedded-content\" data-secret=\"Q2uw8VvEES\"><a href=\"https:\/\/www.value-marktdaten.de\/en\/2015\/10\/05\/steigende-mieten-in-den-top-7\/\">Steigende Mieten in den TOP 7<\/a><\/blockquote><iframe sandbox=\"allow-scripts\" security=\"restricted\" src=\"https:\/\/www.value-marktdaten.de\/en\/2015\/10\/05\/steigende-mieten-in-den-top-7\/embed\/#?secret=Q2uw8VvEES\" width=\"600\" height=\"338\" title=\"&#8220;Steigende Mieten in den TOP 7&#8221; &#8212; Value AG the valuation group\" data-secret=\"Q2uw8VvEES\" frameborder=\"0\" marginwidth=\"0\" marginheight=\"0\" scrolling=\"no\" class=\"wp-embedded-content\"><\/iframe><script type=\"text\/javascript\">\n\/* <![CDATA[ *\/\n\/*! This file is auto-generated *\/\n!function(d,l){\"use strict\";l.querySelector&&d.addEventListener&&\"undefined\"!=typeof URL&&(d.wp=d.wp||{},d.wp.receiveEmbedMessage||(d.wp.receiveEmbedMessage=function(e){var t=e.data;if((t||t.secret||t.message||t.value)&&!\/[^a-zA-Z0-9]\/.test(t.secret)){for(var s,r,n,a=l.querySelectorAll('iframe[data-secret=\"'+t.secret+'\"]'),o=l.querySelectorAll('blockquote[data-secret=\"'+t.secret+'\"]'),c=new RegExp(\"^https?:$\",\"i\"),i=0;i<o.length;i++)o[i].style.display=\"none\";for(i=0;i<a.length;i++)s=a[i],e.source===s.contentWindow&&(s.removeAttribute(\"style\"),\"height\"===t.message?(1e3<(r=parseInt(t.value,10))?r=1e3:~~r<200&&(r=200),s.height=r):\"link\"===t.message&&(r=new URL(s.getAttribute(\"src\")),n=new URL(t.value),c.test(n.protocol))&&n.host===r.host&&l.activeElement===s&&(d.top.location.href=t.value))}},d.addEventListener(\"message\",d.wp.receiveEmbedMessage,!1),l.addEventListener(\"DOMContentLoaded\",function(){for(var e,t,s=l.querySelectorAll(\"iframe.wp-embedded-content\"),r=0;r<s.length;r++)(t=(e=s[r]).getAttribute(\"data-secret\"))||(t=Math.random().toString(36).substring(2,12),e.src+=\"#?secret=\"+t,e.setAttribute(\"data-secret\",t)),e.contentWindow.postMessage({message:\"ready\",secret:t},\"*\")},!1)))}(window,document);\n\/\/# sourceURL=https:\/\/www.value-marktdaten.de\/wp-includes\/js\/wp-embed.min.js\n\/* ]]> *\/\n<\/script>\n","description":"Im Vergleich zum Vormonat August sind in allen Metropolen die Miet\u00adpreise im September 2015 wieder leicht gestiegen. Aus\u00adnahme ist Stuttgart mit einer konstanten Ent\u00adwicklung. Bezogen auf Mai 2015, dem letzten Monat vor der Miet\u00adpreis\u00adbremse, zeigen sich f\u00fcr Frankfurt am Main, D\u00fcsseldorf und M\u00fcnchen weiter steigende Mieten. Spitzen\u00adreiter ist dabei Frankfurt am Main mit einem An\u00adstieg&hellip;","thumbnail_url":"https:\/\/www.value-marktdaten.de\/wp-content\/uploads\/2015\/10\/Mietpreisentwicklung_2015_Mai_bis_September_TOP7-300x117.png"}

Im Vergleich zum Vormonat August sind in allen Metropolen die Miet­preise im September 2015 wieder leicht gestiegen. Aus­nahme ist Stuttgart mit einer konstanten Ent­wicklung. Bezogen auf Mai 2015, dem letzten Monat vor der Miet­preis­bremse, zeigen sich für Frankfurt am Main, Düsseldorf und München weiter steigende Mieten. Spitzen­reiter ist dabei Frankfurt am Main mit einem An­stieg&hellip;
